 is -228 (base 10) in base 3?
-22110
Convert 2 (base 5) to base 8.
2
43 (base 11) to base 5
142
What is -10110 (base 3) in base 8?
-135
Convert -1 (base 3) to base 12.
-1
-7 (base 8) to base 10
-7
-26b (base 12) to base 6
-1415
1120 (base 3) to base 12
36
Convert -3 (base 11) to base 7.
-3
What is -2 (base 15) in base 14?
-2
Convert -2 (base 4) to base 13.
-2
Convert 17 (base 12) to base 11.
18
What is -10 (base 3) in base 9?
-3
Convert -13 (base 8) to base 10.
-11
What is -171 (base 12) in base 5?
-1404
Convert 1b (base 12) to base 2.
10111
Convert 4 (base 8) to base 4.
10
What is 1 (base 2) in base 4?
1
-1 (base 16) to base 8
-1
-6 (base 14) to base 12
-6
100 (base 9) to base 2
1010001
What is -2 (base 14) in base 15?
-2
Convert 1d (base 16) to base 8.
35
Convert 2 (base 8) to base 16.
2
-66 (base 8) to base 11
-4a
-c (base 14) to base 13
-c
Convert 14 (base 7) to base 14.
b
What is 32 (base 9) in base 5?
104
-1cc (base 14) to base 15
-1a1
What is 2 (base 11) in base 7?
2
What is -1 (base 13) in base 11?
-1
What is -212 (base 3) in base 5?
-43
What is 6 (base 12) in base 7?
6
Convert 463 (base 7) to base 3.
22221
What is 6 (base 14) in base 11?
6
What is -11001 (base 2) in base 5?
-100
What is -21 (base 7) in base 6?
-23
What is 110 (base 5) in base 12?
26
What is 10110 (base 2) in base 15?
17
-22 (base 7) to base 9
-17
What is 10 (base 8) in base 6?
12
What is -6 (base 16) in base 2?
-110
What is 4 (base 13) in base 16?
4
What is 111 (base 5) in base 9?
34
What is -1011 (base 2) in base 3?
-102
What is 1044 (base 6) in base 4?
3310
Convert 17 (base 14) to base 13.
18
-1 (base 16) to base 8
-1
Convert 25 (base 6) to base 9.
18
Convert -3 (base 14) to base 10.
-3
What is -244 (base 6) in base 13?
-79
What is -36 (base 16) in base 3?
-2000
102 (base 3) to base 2
1011
Convert -1 (base 7) to base 14.
-1
56 (base 8) to base 6
114
What is -15 (base 9) in base 6?
-22
What is 3 (base 16) in base 5?
3
14 (base 7) to base 9
12
Convert 29 (base 13) to base 9.
38
Convert 167 (base 12) to base 14.
11d
What is -16 (base 16) in base 4?
-112
Convert -24 (base 11) to base 5.
-101
-20 (base 10) to base 7
-26
2 (base 13) to base 7
2
6 (base 9) to base 5
11
Convert -124 (base 7) to base 16.
-43
What is 5 (base 10) in base 9?
5
What is 10 (base 3) in base 7?
3
Convert 11 (base 15) to base 11.
15
338 (base 9) to base 11
233
What is 0 (base 2) in base 13?
0
Convert -5 (base 8) to base 12.
-5
What is -5 (base 6) in base 15?
-5
14 (base 16) to base 6
32
-1 (base 15) to base 13
-1
3 (base 7) to base 15
3
-12 (base 12) to base 5
-24
3 (base 13) to base 5
3
What is -58 (base 16) in base 6?
-224
-10 (base 2) to base 12
-2
What is 1 (base 15) in base 6?
1
-3 (base 15) to base 2
-11
Convert 0 (base 12) to base 5.
0
Convert -15 (base 7) to base 5.
-22
Convert -244 (base 6) to base 16.
-64
401 (base 5) to base 10
101
Convert 71 (base 11) to base 12.
66
What is 4 (base 11) in base 2?
100
-2 (base 6) to base 11
-2
-2 (base 3) to base 2
-10
Convert 11 (base 10) to base 13.
b
-2 (base 8) to base 16
-2
3 (base 16) to base 14
3
What is 0 (base 14) in base 12?
0
Convert -3 (base 16) to base 14.
-3
What is 1100 (base 4) in base 10?
80
What is -36 (base 16) in base 2?
-110110
What is -5 (base 15) in base 7?
-5
What is 1a (base 12) in base 16?
16
Convert 0 (base 2) to base 11.
0
What is -2110 (base 3) in base 14?
-4a
What is 22 (base 9) in base 15?
15
284 (base 11) to base 4
11032
Convert -32 (base 9) to base 13.
-23
Convert 3 (base 5) to base 14.
3
22 (base 14) to base 10
30
Convert 8b (base 12) to base 14.
79
-110 (base 2) to base 3
-20
Convert -33 (base 9) to base 14.
-22
What is 54 (base 12) in base 15?
44
What is -37 (base 13) in base 11?
-42
Convert -1000100 (base 2) to base 3.
-2112
Convert -4 (base 12) to base 15.
-4
What is -127 (base 9) in base 10?
-106
What is -1110 (base 2) in base 6?
-22
-2 (base 7) to base 6
-2
What is -242 (base 5) in base 9?
-80
Convert 1011 (base 3) to base 15.
21
Convert -112 (base 3) to base 13.
-11
-1 (base 7) to base 6
-1
Convert -160 (base 15) to base 10.
-315
What is -3 (base 6) in base 8?
-3
What is 24 (base 11) in base 5?
101
What is 164 (base 12) in base 4?
3130
4 (base 14) to base 3
11
What is -2 (base 4) in base 6?
-2
3b (base 14) to base 7
104
94 (base 16) to base 13
b5
58 (base 11) to base 13
4b
What is -44 (base 6) in base 4?
-130
20202 (base 3) to base 6
502
What is -100 (base 7) in base 12?
-41
-2202 (base 3) to base 9
-82
-322 (base 4) to base 7
-112
What is 20 (base 4) in base 15?
8
Convert 27 (base 13) to base 6.
53
-2 (base 4) to base 3
-2
Convert -1 (base 13) to base 10.
-1
Convert 17 (base 11) to base 5.
33
-302 (base 5) to base 9
-85
-6 (base 14) to base 13
-6
1210 (base 3) to base 14
36
-7d (base 16) to base 11
-104
What is -10011011 (base 2) in base 16?
-9b
What is 5 (base 10) in base 14?
5
Convert -3 (base 9) to base 7.
-3
What is -125 (base 15) in base 13?
-170
Convert -6 (base 16) to base 5.
-11
8 (base 16) to base 10
8
Convert -2 (base 15) to base 5.
-2
What is -4 (base 6) in base 12?
-4
e (base 16) to base 4
32
What is -26 (base 13) in base 10?
-32
-124 (base 14) to base 7
-444
10 (base 5) to base 16
5
Convert -100 (base 8) to base 7.
-121
Convert 1211 (base 4) to base 12.
85
Convert 26 (base 13) to base 5.
112
-b (base 13) to base 2
-1011
-101 (base 4) to base 6
-25
-1 (base 7) to base 16
-1
Convert -5 (base 7) to base 6.
-5
Convert 3 (base 12) to base 16.
3
Convert 3 (base 6) to base 13.
3
What is 0 (base 6) in base 7?
0
2 (base 6) to base 2
10
-157 (base 10) to base 13
-c1
What is -1110000 (base 2) in base 4?
-1300
Convert 52 (base 15) to base 16.
4d
What is -7 (base 9) in base 12?
-7
What is -27 (base 10) in base 4?
-123
What is 44 (base 5) in base 8?
30
Convert 18 (base 10) to base 14.
14
144 (base 12) to base 10
196
-6 (base 13) to base 4
-12
Convert 2b (base 12) to base 11.
32
Convert 0 (base 12) to base 9.
0
Convert 7 (base 14) to base 16.
7
Convert -11110000 (base 2) to base 3.
-22220
Convert 2 (base 5) to base 10.
2
-123 (base 7) to base 5
-231
What is 12222 (base 3) in base 16?
a1
What is -28 (base 11) in base 15?
-20
Convert 3 (base 14) to base 11.
3
What is -72 (base 13) in base 11?
-85
-24 (base 16) to base 14
-28
Convert 57 (base 10) to base 15.
3c
Convert 56 (base 16) to base 6.
222
-23 (base 14) to base 15
-21
Convert -28 (base 9) to base 3.
-222
-3e (base 15) to base 12
-4b
What is 44 (base 13) in base 4?
320
-e (base 16) to base 13
-11
Convert 1000111 (base 2) to base 11.
65
Convert -2 (base 12) to base 7.
-2
What is -1 (base 7) in base 16?
-1
-1d (base 16) to base 9
-32
-11101 (base 2) to base 5
-104
What is -40 (base 5) in base 6?
-32
11021 (base 3) to base 12
97
d (base 15) to base 11
12
What is -2 (base 12) in base 10?
-2
211 (base 4) to base 8
45
What is 7 (base 15) in base 12?
7
Convert -167 (base 8) to base 9.
-142
What is -13 (base 7) in base 12?
-a
What is 30 (base 13) in base 6?
103
Convert e (base 15) to base 5.
24
-16 (base 14) to base 13
-17
Convert -64 (base 8) to base 2.
-110100
-48 (base 13) to base 14
-44
Convert -10 (base 7) to base 11.
-7
Convert 3 (base 16) to base 5.
3
-10 (base 3) to base 12
-3
-215 (base 7) to base 4
-1232
-1200 (base 3) to base 5
-140
Convert 29 (base 12) to base 9.
36
-1 (base 11) to base 9
-1
-1 (base 2) to base 13
-1
What is -312 (base 8) in base 7?
-406
Convert -20 (base 5) to base 16.
-a
What is -1214 (base 6) in base 15?
-14d
What is -61 (base 13) in base 6?
-211
What is -45 (base 9) in base 5?
-131
What is -60 (base 13) in base 14?
-58
Convert 38 (base 12) to base 5.
134
-a (base 11) to base 7
-13
What is -6 (base 16) in base 14?
-6
314 (base 6) to base 11
a8
What is -33 (base 7) in base 10?
-24
Convert 0 (base 15) to base 13.
0
Convert -2 (base 3) to base 2.
-10
What is -5 (base 13) in base 9?
-5
Convert 261 (base 7) to base 12.
b9
Convert 1 (base 7) to base 16.
1
What is 1 (base 8) in base 7?
1
What is a4 (base 12) in base 11?
103
Convert 106 (base 8) to base 4.
1012
Convert -3 (base 9) to base 5.
-3
What is 10100 (base 2) in base 11?
19
Convert 46 (base 10) to base 2.
101110
-7 (base 13) to base 6
-11
Convert 223 (base 4) to base 8.
53
10 (base 9) to base 3
100
What is -56 (base 16) in base 10?
-86
What is 110 (base 2) in base 16?
6
-6 (base 11) t